ctors of y(z)?
2, 89
Let f be (7/(-2))/(7/(-2282)). Suppose j = 5*x + 266, 3*j + x + 423 = f. List the prime factors of j.
241
Let y be (-93)/124*(-32)/6. Suppose 4*k - 7820 = y*d, -k + 0*d + 1963 = d. What are the prime factors of k?
3, 653
Suppose -86*x + 91*x = -4*g + 311267, 2*x = g + 124499. List the prime factors of x.
7, 8893
Let c(m) be the second derivative of -m**5/5 + m**4/2 + m**3/6 + 31*m**2/2 + 232*m. What are the prime factors of c(-7)?
2, 5, 13
Suppose 23*f = -1056 - 1221. Let k = 1353 + f. What are the prime factors of k?
2, 3, 11, 19
Let c(v) = 1837*v**2 + 2093*v + 10455. List the prime factors of c(-5).
3, 5, 3061
Suppose 0 = 36*s + 2718 - 21798. What are the prime factors of s?
2, 5, 53
Let t = 319 + 631. Suppose 0*y = 5*y - t. List the prime factors of y.
2, 5, 19
Let h = 273 + -268. Suppose 0 = -h*z - 4*s + 2599, -z = z - 5*s - 1066. List the prime factors of z.
523
Suppose 4*r = -3*q - 10, -q - 9*r + 5*r = 6. List the prime factors of (6292/(-156))/(q/6).
11
Let h(j) = 2*j**3 - 5*j**2 - 7*j - 8. Let k(b) = -12 - 8*b**3 + 3*b + 7*b**3 + 5*b**2 + 6*b. Let o be k(6). What are the prime factors of h(o)?
2, 101
Let c be (-32)/(6 + -4)*(-5)/4. Suppose c*s = 24*s - 2908. List the prime factors of s.
727
Let h be (12/8 + 3)*(-8)/(-6). Suppose 4*u = 5*v - 462, -v = u - h*u - 84. List the prime factors of v.
2, 47
Suppose 0 = -149*j + 147*j + 4*n + 29266, -5*j + 3*n = -73165. What are the prime factors of j?
14633
Suppose -4*u - 5*f = 12, 4*u + 3*f + 48 = 7*f. Let w = 198 + u. List the prime factors of w.
2, 5, 19
Let g = -171 + 168. Let m(h) = 15*h**2 - 2*h - 16. What are the prime factors of m(g)?
5
Let x(t) = 171*t**3 + 9*t**2 - 42*t - 24. List the prime factors of x(6).
2, 3, 23, 67
Let j be (-170)/(-40) - 1/4. Suppose 40 = j*x + 6*x. Suppose -x*c = -0 - 24. What are the prime factors of c?
2, 3
Let b(u) = 3*u**2 + 4*u + 14. Let d(x) = -x**2 + x. Let f(o) = b(o) + 2*d(o). Let g be f(-4). Suppose -g*m + 12*m = 1254. List the prime factors of m.
11, 19
Suppose 4*v = -5*o + 601, -4*o = 14 - 2. Let b = v - -322. List the prime factors of b.
2, 7, 17
Let o be 5 - (-3)/6*10. Suppose -18*h = -o*h - 24. Suppose 528 = 5*n - h*l - 406, -n + 5*l + 200 = 0. List the prime factors of n.
5, 37
Let m = -12819 - -26615. What are the prime factors of m?
2, 3449
Suppose -22 = -4*h - 5*o, 2*h = -0*h + 5*o - 4. Suppose -5 = -q + v, 4*q = h*v + 18 + 4. List the prime factors of q.
7
Let c be 0 + -1 - (39 + -130). Suppose 6*w - 16*w + c = 0. Suppose -181 = w*h - 1810. List the prime factors of h.
181
Let k = -2 + -40. Let i = -43 - k. List the prime factors of 1*4/(-4)*i - -28.
29
Let m = 42683 - 15191. What are the prime factors of m?
2, 3, 29, 79
Suppose 2*z = -u + 10*z + 19602, -z = 4*u - 78309. List the prime factors of u.
2, 3, 13, 251
Suppose -2*j + 58 = -4*o, 55 = 2*j - 3*o - 0*o. Let c = 271 - j. List the prime factors of c.
2, 31
Let n(g) = 1 + 3*g**2 + 9 - 8*g - 10. What are the prime factors of n(-7)?
7, 29
Let x(y) = y**3 - 9*y**2 - 75*y + 973. List the prime factors of x(30).
17623
Let c(i) = 12*i - 5. Let a be c(6). Let d be ((-22)/(-33))/(6/81*3). Suppose -d*m + 173 = -a. What are the prime factors of m?
2, 5
Suppose -6*s - 141 - 219 = 0. List the prime factors of (s/9)/((176/(-408))/11).
2, 5, 17
Suppose -3*j - 35 = -5*w, 4*w - j + 2*j = 28. Suppose w*g - 837 = 1074. List the prime factors of g.
3, 7, 13
Suppose 61*a - 55*a - 234 = 0. What are the prime factors of 2288/a - (-2)/6?
59
Let n(v) = v**2 + 6*v + 5. Let s(p) = 0 - 1 + 0. Let w(g) = 3*n(g) + 6*s(g). What are the prime factors of w(-11)?
2, 3, 29
Suppose -589*s = -604*s + 824220. What are the prime factors of s?
2, 3, 19, 241
Suppose 1030936 + 138694 = 55*s. List the prime factors of s.
2, 7, 31
Let g(h) = -2*h**3 - 46*h**2 + h - 13. Let k be g(-23). List the prime factors of (-81)/k*(-1504)/(-3).
2, 3, 47
Suppose -12*n + 11*n = -2, 2*o - 13290 = 3*n. List the prime factors of o.
2, 3, 277
Let y(x) = -5*x**3 + 4*x**2 + 8*x - 5. Let q(g) = -4*g**3 + 3*g**2 + 9*g - 5. Let m(z) = 4*q(z) - 3*y(z). List the prime factors of m(-6).
139
Let x be (965/(-4))/((-1)/4). Suppose -3*n - 416 = -4*d, 3*n = 4*d + n - 412. Suppose -9*v = -x + d. List the prime factors of v.
2, 3
Let x(o) = 209*o**2 - 82*o - 833. What are the prime factors of x(-9)?
2, 19, 443
Suppose 74*m - 70*m + 3*y - 169324 = 0, -5*y = -40. What are the prime factors of m?
5, 1693
What are the prime factors of -5 - 0 - (7 - 13922/1)?
2, 5, 13, 107
Let o(j) be the second derivative of -8/3*j**3 + 7*j + 0 + 1/2*j**2. List the prime factors of o(-5).
3
Let z = -19700 + 33349. What are the prime factors of z?
13649
Let m = -87 + 141. Let o = -51 + m. Suppose -3*b = 2*b - o*k - 186, 0 = 3*b + 2*k - 123. What are the prime factors of b?
3, 13
Suppose -19*x + 35843 = -94459. What are the prime factors of x?
2, 3, 127
Let u(h) = -h**2 + 18*h + 85. Let l be u(20). What are the prime factors of (8 - 2 - 3)*l?
3, 5
Let f = 153 + 374. Let w = f - 236. What are the prime factors of w?
3, 97
List the prime factors of -9 + 67712*6/12.
11, 17, 181
Let p = -1299 - -2326. Let k = p + -498. What are the prime factors of k?
23
Let k(u) = 66*u + 7. Let p(w) = w + 1. Let j be p(8). Let f(g) = g**3 - 8*g**2 - 7*g - 15. Let z be f(j). List the prime factors of k(z).
5, 41
Suppose -3*j + 52 = 1. Suppose 19*i - j - 78 = 0. List the prime factors of i.
5
List the prime factors of (367 - (-3 - -2)) + (20 - 15).
373
Suppose b + 3199 - 229 = d, -3*b = -4*d + 11878. List the prime factors of d.
2, 7, 53
Let u(q) = 2*q**2 + 18*q - 37. Let y(t) = t**3 + 2*t**2 - 11. Let d be y(0). Let h be u(d). Let l(n) = 6*n**2 - 12*n + 3. What are the prime factors of l(h)?
3, 71
Suppose -234 = -f - 4*u, -3*u + 184 = f - 46. Suppose 0 = 3*b - 3151 - f. What are the prime factors of b?
1123
Suppose -2*a = a - 39. Suppose -5*g = -a + 38. Let z = g + 9. List the prime factors of z.
2
Let o(u) = -u**3 - 7*u**2 + 13*u + 63. Let a be o(-7). Let p(y) = y**2 + 7*y - 43. What are the prime factors of p(a)?
5, 109
Let m(t) = 129*t - 68. Let b be m(6). Suppose 2*a + 0*a - b = -3*u, -u + 226 = 3*a. List the prime factors of u.
2, 7, 17
Suppose -58*v + 1900 = 2*k - 53*v, 0 = -2*v. Suppose -t + 16 = -0*t. Suppose 11*d = t*d - k. List the prime factors of d.
2, 5, 19
Let a(x) be the third derivative of -x**6/120 + 7*x**5/30 + x**4/8 + 3*x**3/2 - 17*x**2 - 2*x. List the prime factors of a(14).
3, 17
Suppose -1398*h + 699*h + 712*h = 459394. What are the prime factors of h?
2, 17669
Let g be (2 + (2 - -1654))/2. Let h = -586 + g. What are the prime factors of h?
3
Suppose -3*o - 2*z + 5720 = -9808, -25888 = -5*o - 2*z. What are the prime factors of o?
2, 5, 7, 37
Suppose 3*q + 91 = -h + 13249, 0 = -3*h + q + 39414. List the prime factors of h.
2, 3, 5, 73
Let q be (-20)/(-160) - (-35685)/24. Let t = -988 + q. What are the prime factors of t?
499
Suppose 22*b - 7838 = 5538. Suppose b + 103 = 9*k. What are the prime factors of k?
79
List the prime factors of 30/(90/(-9)) - (2 - 7561) - 0.
2, 1889
Let l be -1*1 - (-70 + 0). Let f = 14296 + -14207. Suppose 2*a = f + l. What are the prime factors of a?
79
Suppose 30*y = 2*a + 26*y - 11750, -3*y - 11747 = -2*a. List the prime factors of a.
5869
Suppose 7*s - 32 = -9*s. Suppose s*g + 4*z = 138, 6*z = -3*g + z + 208. Suppose -2*w - g = -3*f, -w = 5*f - 4*w - 118. List the prime factors of f.
23
Let d be 3*(52/12 - 5) - -5. Let c(j) = 416*j - 54. What are the prime factors of c(d)?
2, 3, 199
Suppose -8 + 658 = 5*y. Suppose -8*r = -y + 34. Suppose 16*j = r*j + 916. List the prime factors of j.
229
Suppose 1370 = 493*l - 488*l. Let c = 385 - l. What are the prime factors of c?
3, 37
Suppose -3*a + 31 = -59. What are the prime factors of (3*(-415)/a)/((-3)/6)?
83
Suppose -11407 - 3639 = -3*w - 5*b, 2*b + 15032 = 3*w. List the prime factors of w.
2, 7, 179
Let k(u) = u**3 + 45*u**2 - 296*u + 319. What are the prime factors of k(-28)?
5, 41, 107
What are the prime factors of (34 - 16)/((-15)/((-672390)/12))?
3, 31, 241
List the prime factors of (16 + 22)/((-19)/(9557/(-2))).
19, 503
Let j be 5/(30/57)*60. Suppose 22*s + j = 25*s. List the prime factors of s.
2, 5, 19
Suppose 15 = -18*q + 15*q, 2*h + 4*q - 480 = 0. What are the prime factors o